{"id":481,"date":"2018-05-18T13:16:16","date_gmt":"2018-05-18T11:16:16","guid":{"rendered":"http:\/\/www.polymorph.de\/?page_id=481"},"modified":"2018-05-18T13:37:11","modified_gmt":"2018-05-18T11:37:11","slug":"datenschutz","status":"publish","type":"page","link":"https:\/\/www.polymorph.de\/?page_id=481","title":{"rendered":"Datenschutz"},"content":{"rendered":"<p>Ich freue mich \u00fcber Ihren Besuch auf meiner Internetseite und Ihr Interesse an meinem Portfolio. Der Schutz Ihrer personenbezogenen Daten ist mir ein wichtiges Anliegen. Personenbezogene Daten sind Einzelangaben \u00fcber pers\u00f6nliche oder sachliche Verh\u00e4ltnisse einer bestimmten oder bestimmbaren nat\u00fcrlichen Person. Darunter fallen Informationen wie der b\u00fcrgerliche Name, die Anschrift, die Telefonnummer und das Geburtsdatum.<br \/>\nDa diese Daten besonderen Schutz genie\u00dfen, werden sie bei mir nur im technisch erforderlichen Umfang erhoben. Nachfolgend stelle ich dar, welche Informationen ich w\u00e4hrend Ihres Besuches auf meiner Internetseite erfasse und wie diese genutzt werden.<br \/>\nMeine Datenschutzpraxis steht im Einklang mit den Regelungen des Bundesdatenschutzgesetzes (BDSG) und des Telemediengesetzes (TMG). Ich werde Ihre personenbezogenen Daten ausschlie\u00dflich zur Bearbeitung von Anfragen und ggf. zur Abwicklung von Bestellungen \/ Vertr\u00e4gen erheben, verarbeiten und speichern. Nur wenn Sie zuvor Ihre Einwilligung gesondert erteilt haben, erfolgt eine Nutzung Ihrer Daten auch f\u00fcr weitergehende, in der Einwilligung genau bestimmte Zwecke, z.B. f\u00fcr Informationen \u00fcber Angebote per Newsletter, etc.<\/p>\n<ol>\n<li><strong> Verantwortliche Stelle i.S.d. \u00a7 13 Abs. 1 TMG \/ \u00a7 3 Abs. 7 BDSG<\/strong><br \/>\nVerantwortliche Stelle im Sinne des Datenschutzrechts ist:<br \/>\nPolymorph Design<br \/>\nVeronika Ganster<br \/>\nUrsulinenring 12<br \/>\n84419 Schwindegg<br \/>\nTel: 08082\/226544<\/li>\n<\/ol>\n<ol start=\"2\">\n<li><strong> Anonyme \/ Pseudonymisierte Nutzung der Internetseite<\/strong><br \/>\nSie k\u00f6nnen meine Internetseite grunds\u00e4tzlich ohne Angabe von personenbezogenen Daten besuchen. Pseudonymisierte Nutzungsdaten werden nicht mit den Daten des Tr\u00e4gers des Pseudonyms zusammengef\u00fchrt. Eine Erstellung von pseudonymen Nutzungsprofilen findet nicht statt.<\/li>\n<li><strong> Datenweitergabe \/ Zweckbindung<\/strong><br \/>\nIch gebe personenbezogene Daten nur an Dritte weiter, soweit dies f\u00fcr uns zur Erf\u00fcllung unserer Vertragsverpflichtungen, insbesondere zur Abwicklung eines geschlossenen Vertrages, notwendig ist. Eine Weitergabe von personenbezogenen Daten an Dritte findet au\u00dfer zu den genannten Zwecken der Vertrags- und Zahlungsabwicklung nicht statt.<br \/>\nWenn Sie uns pers\u00f6nliche Daten im Rahmen einer ausdr\u00fccklichen Einwilligung zur Verf\u00fcgung stellen, werden diese Daten nur f\u00fcr den Zweck genutzt, der der Einwilligung zu Grunde liegt und dem Sie vorab zugestimmt haben. Wir werden Ihre personenbezogenen Daten nur so lange speichern, wie dies f\u00fcr den vorgesehenen Zweck der Datenerhebung notwendig oder gesetzlich vorgeschrieben ist. Sie k\u00f6nnen Ihre Einwilligung jederzeit widerrufen.<br \/>\nIhre schutzw\u00fcrdigen Belange werden gem\u00e4\u00df den gesetzlichen Bestimmungen ber\u00fccksichtigt. Sie k\u00f6nnen bei der verantwortlichen Stelle eine Auskunft \u00fcber die Sie betreffenden gespeicherten Daten erhalten.<\/li>\n<li><strong> Statistische Auswertung der Besuche dieser Internetseite<\/strong><br \/>\nWir erheben, verarbeiten und speichern bei dem Aufruf dieser Internetseite oder einzelner Dateien der Internetseite folgende Daten: IP-Adresse, Webseite, von der aus die Datei abgerufen wurde, Name der Datei, Datum und Uhrzeit des Abrufs, \u00fcbertragene Datenmenge und Meldung \u00fcber den Erfolg des Abrufs (sog. Web-Log). Diese Zugriffsdaten verwenden wir ausschlie\u00dflich in nicht personalisierter Form f\u00fcr die stetige Verbesserung unseres Internetangebots und zu statistischen Zwecken.<\/li>\n<li><strong> Unterrichtung \u00fcber die Nutzung von Cookies<\/strong><br \/>\nAuf verschiedenen Seiten verwende ich Cookies, um den Besuch meiner Website attraktiv zu gestalten und die Nutzung bestimmter Funktionen zu erm\u00f6glichen. Bei den sog. \u2018Cookies\u2019 handelt es sich um kleine Textdateien, die Ihr Browser auf Ihrem Rechner ablegen kann. Der Vorgang des Ablegens einer Cookie-Datei wird auch \u2018ein Cookie setzen\u2019 genannt. Sie k\u00f6nnen Ihren Browser selbst nach Ihren W\u00fcnschen so einstellen, dass Sie \u00fcber das Setzen von Cookies informiert werden, von Fall zu Fall \u00fcber die Annahme entscheiden oder die Annahme von Cookies grunds\u00e4tzlich akzeptieren oder grunds\u00e4tzlich ausschlie\u00dfen. Cookies k\u00f6nnen zu unterschiedlichen Zwecken eingesetzt werden, z.B. um zu erkennen, dass Ihr PC schon einmal eine Verbindung zu einem Webangebot hatte (dauerhafte Cookies) oder um zuletzt angesehene Angebote zu speichern (Sitzungs-Cookies). Ich setze Cookies ein, um Ihnen einen gesteigerten Benutzerkomfort zu bieten. Um meine Komfortfunktionen zu nutzen, empfehle ich Ihnen, die Annahme von Cookies f\u00fcr mein Webangebot zu erlauben.<\/li>\n<li><strong> Datensicherheit und Datenschutz, Kommunikation per E-Mail<\/strong><br \/>\nIhre personenbezogenen Daten werden durch technische und organisatorische Ma\u00dfnahmen so bei der Erhebung, Speicherung und Verarbeitung gesch\u00fctzt, dass sie f\u00fcr Dritte nicht zug\u00e4nglich sind. Bei der Kommunikation per E-Mail kann die vollst\u00e4ndige Datensicherheit von uns nicht gew\u00e4hrleistet werden, sodass wir Ihnen bei Informationen mit hohem Geheimhaltungsbed\u00fcrfnis den Postweg empfehlen.<br \/>\n<strong><br \/>\n9. Widerruf von Einwilligungen \u2013 Datenausk\u00fcnfte und \u00c4nderungsw\u00fcnsche \u2013 L\u00f6schung &amp; Sperrung von Daten<\/strong><br \/>\nNach dem Bundesdatenschutzgesetz haben Sie ein Recht auf unentgeltliche Auskunft \u00fcber Ihre gespeicherten Daten sowie ggf. ein Recht auf Berichtigung, Sperrung oder L\u00f6schung dieser Daten. Ihre Daten werden dann gel\u00f6scht, falls dem nicht gesetzliche Regelungen entgegenstehen. Sie k\u00f6nnen mir erteilte Erlaubnis, Ihre pers\u00f6nlichen Daten zu nutzen, jederzeit widerrufen. Auskunfts-, L\u00f6schungs- und Berichtigungsw\u00fcnsche zu Ihren Daten und gerne auch Anregungen k\u00f6nnen Sie jederzeit an folgende Adresse senden:<br \/>\nPolymorph Design<br \/>\nVeronika Ganster<br \/>\nUrsulinenring 12<br \/>\n84419 Schwindegg<br \/>\nTel: 08082\/226544<\/li>\n<\/ol>\n<p>Die Nutzung meiner Webseite ist in der Regel ohne Angabe personenbezogener Daten m\u00f6glich. Soweit auf meinen Seiten personenbezogene Daten (beispielsweise Name, Anschrift oder E-Mailadressen) erhoben werden, erfolgt dies, soweit m\u00f6glich, stets auf freiwilliger Basis. Diese Daten werden ohne Ihre ausdr\u00fcckliche Zustimmung nicht an Dritte weitergegeben.<\/p>\n<p>Ich weise darauf hin, dass die Daten\u00fcbertragung im Internet (z.B. bei der Kommunikation per E-Mail) Sicherheitsl\u00fccken aufweisen kann. Ein l\u00fcckenloser Schutz der Daten vor dem Zugriff durch Dritte ist nicht m\u00f6glich.<\/p>\n<p>Der Nutzung von im Rahmen der Impressumspflicht ver\u00f6ffentlichten Kontaktdaten durch Dritte zur \u00dcbersendung von nicht ausdr\u00fccklich angeforderter Werbung und Informationsmaterialien wird hiermit ausdr\u00fccklich widersprochen. Die Betreiber der Seiten behalten sich ausdr\u00fccklich rechtliche Schritte im Falle der unverlangten Zusendung von Werbeinformationen, etwa durch Spam-Mails, vor.<\/p>\n","protected":false},"excerpt":{"rendered":"<p>Ich freue mich \u00fcber Ihren Besuch auf meiner Internetseite und Ihr Interesse an meinem Portfolio. Der Schutz Ihrer personenbezogenen Daten ist mir ein wichtiges Anliegen. Personenbezogene Daten sind Einzelangaben \u00fcber pers\u00f6nliche oder sachliche Verh\u00e4ltnisse einer bestimmten oder bestimmbaren nat\u00fcrlichen Person. Darunter fallen Informationen wie der b\u00fcrgerliche Name, die Anschrift, die Telefonnummer und das Geburtsdatum. Da [&hellip;]<\/p>\n","protected":false},"author":1,"featured_media":0,"parent":0,"menu_order":5,"comment_status":"closed","ping_status":"closed","template":"","meta":{"footnotes":""},"class_list":["post-481","page","type-page","status-publish","hentry"],"yoast_head":"<!-- This site is optimized with the Yoast SEO plugin v26.8 - https:\/\/yoast.com\/product\/yoast-seo-wordpress\/ -->\n<title>Datenschutz - Polymorph Design<\/title>\n<meta name=\"description\" content=\"Polymorph Design\" \/>\n<meta name=\"robots\" content=\"index, follow, max-snippet:-1, max-image-preview:large, max-video-preview:-1\" \/>\n<link rel=\"canonical\" href=\"https:\/\/www.polymorph.de\/?page_id=481\" \/>\n<meta property=\"og:locale\" content=\"de_DE\" \/>\n<meta property=\"og:type\" content=\"article\" \/>\n<meta property=\"og:title\" content=\"Datenschutz - Polymorph Design\" \/>\n<meta property=\"og:description\" content=\"Polymorph Design\" \/>\n<meta property=\"og:url\" content=\"https:\/\/www.polymorph.de\/?page_id=481\" \/>\n<meta property=\"og:site_name\" content=\"Polymorph Design\" \/>\n<meta property=\"article:modified_time\" content=\"2018-05-18T11:37:11+00:00\" \/>\n<meta name=\"twitter:card\" content=\"summary_large_image\" \/>\n<meta name=\"twitter:label1\" content=\"Gesch\u00e4tzte Lesezeit\" \/>\n\t<meta name=\"twitter:data1\" content=\"4\u00a0Minuten\" \/>\n<script type=\"application\/ld+json\" class=\"yoast-schema-graph\">{\"@context\":\"https:\/\/schema.org\",\"@graph\":[{\"@type\":[\"Article\",\"BlogPosting\"],\"@id\":\"https:\/\/www.polymorph.de\/?page_id=481#article\",\"isPartOf\":{\"@id\":\"https:\/\/www.polymorph.de\/?page_id=481\"},\"author\":{\"name\":\"PolymorphWordpress\",\"@id\":\"https:\/\/www.polymorph.de\/#\/schema\/person\/fb47306ba2bf3f9ff98e2c6051157c77\"},\"headline\":\"Datenschutz\",\"datePublished\":\"2018-05-18T11:16:16+00:00\",\"dateModified\":\"2018-05-18T11:37:11+00:00\",\"mainEntityOfPage\":{\"@id\":\"https:\/\/www.polymorph.de\/?page_id=481\"},\"wordCount\":896,\"publisher\":{\"@id\":\"https:\/\/www.polymorph.de\/#\/schema\/person\/65bd55054c7e016d82d1be56dc0c9be6\"},\"inLanguage\":\"de\"},{\"@type\":\"WebPage\",\"@id\":\"https:\/\/www.polymorph.de\/?page_id=481\",\"url\":\"https:\/\/www.polymorph.de\/?page_id=481\",\"name\":\"Datenschutz - Polymorph Design\",\"isPartOf\":{\"@id\":\"https:\/\/www.polymorph.de\/#website\"},\"datePublished\":\"2018-05-18T11:16:16+00:00\",\"dateModified\":\"2018-05-18T11:37:11+00:00\",\"description\":\"Polymorph Design\",\"breadcrumb\":{\"@id\":\"https:\/\/www.polymorph.de\/?page_id=481#breadcrumb\"},\"inLanguage\":\"de\",\"potentialAction\":[{\"@type\":\"ReadAction\",\"target\":[\"https:\/\/www.polymorph.de\/?page_id=481\"]}]},{\"@type\":\"BreadcrumbList\",\"@id\":\"https:\/\/www.polymorph.de\/?page_id=481#breadcrumb\",\"itemListElement\":[{\"@type\":\"ListItem\",\"position\":1,\"name\":\"Startseite\",\"item\":\"https:\/\/www.polymorph.de\/\"},{\"@type\":\"ListItem\",\"position\":2,\"name\":\"Datenschutz\"}]},{\"@type\":\"WebSite\",\"@id\":\"https:\/\/www.polymorph.de\/#website\",\"url\":\"https:\/\/www.polymorph.de\/\",\"name\":\"Polymorph Design - Veronika Ganster\",\"description\":\"Design f\u00fcr Print- und Nonprintprojekte\",\"publisher\":{\"@id\":\"https:\/\/www.polymorph.de\/#\/schema\/person\/65bd55054c7e016d82d1be56dc0c9be6\"},\"alternateName\":\"Grafikdesign und Marketing in und um M\u00fcnchen\",\"potentialAction\":[{\"@type\":\"SearchAction\",\"target\":{\"@type\":\"EntryPoint\",\"urlTemplate\":\"https:\/\/www.polymorph.de\/?s={search_term_string}\"},\"query-input\":{\"@type\":\"PropertyValueSpecification\",\"valueRequired\":true,\"valueName\":\"search_term_string\"}}],\"inLanguage\":\"de\"},{\"@type\":[\"Person\",\"Organization\"],\"@id\":\"https:\/\/www.polymorph.de\/#\/schema\/person\/65bd55054c7e016d82d1be56dc0c9be6\",\"name\":\"Veronika Ganster\",\"image\":{\"@type\":\"ImageObject\",\"inLanguage\":\"de\",\"@id\":\"https:\/\/www.polymorph.de\/#\/schema\/person\/image\/\",\"url\":\"http:\/\/www.polymorph.de\/wp-content\/uploads\/2014\/07\/cropped-polymorph-logo201111.png\",\"contentUrl\":\"http:\/\/www.polymorph.de\/wp-content\/uploads\/2014\/07\/cropped-polymorph-logo201111.png\",\"width\":250,\"height\":317,\"caption\":\"Veronika Ganster\"},\"logo\":{\"@id\":\"https:\/\/www.polymorph.de\/#\/schema\/person\/image\/\"},\"sameAs\":[\"http:\/\/polymorph.de\"]},{\"@type\":\"Person\",\"@id\":\"https:\/\/www.polymorph.de\/#\/schema\/person\/fb47306ba2bf3f9ff98e2c6051157c77\",\"name\":\"PolymorphWordpress\",\"sameAs\":[\"http:\/\/www.polymorph.de\",\"www.linkedin.com\/in\/veronika-ganster-a6a21031\"]}]}<\/script>\n<!-- \/ Yoast SEO plugin. -->","yoast_head_json":{"title":"Datenschutz - Polymorph Design","description":"Polymorph Design","robots":{"index":"index","follow":"follow","max-snippet":"max-snippet:-1","max-image-preview":"max-image-preview:large","max-video-preview":"max-video-preview:-1"},"canonical":"https:\/\/www.polymorph.de\/?page_id=481","og_locale":"de_DE","og_type":"article","og_title":"Datenschutz - Polymorph Design","og_description":"Polymorph Design","og_url":"https:\/\/www.polymorph.de\/?page_id=481","og_site_name":"Polymorph Design","article_modified_time":"2018-05-18T11:37:11+00:00","twitter_card":"summary_large_image","twitter_misc":{"Gesch\u00e4tzte Lesezeit":"4\u00a0Minuten"},"schema":{"@context":"https:\/\/schema.org","@graph":[{"@type":["Article","BlogPosting"],"@id":"https:\/\/www.polymorph.de\/?page_id=481#article","isPartOf":{"@id":"https:\/\/www.polymorph.de\/?page_id=481"},"author":{"name":"PolymorphWordpress","@id":"https:\/\/www.polymorph.de\/#\/schema\/person\/fb47306ba2bf3f9ff98e2c6051157c77"},"headline":"Datenschutz","datePublished":"2018-05-18T11:16:16+00:00","dateModified":"2018-05-18T11:37:11+00:00","mainEntityOfPage":{"@id":"https:\/\/www.polymorph.de\/?page_id=481"},"wordCount":896,"publisher":{"@id":"https:\/\/www.polymorph.de\/#\/schema\/person\/65bd55054c7e016d82d1be56dc0c9be6"},"inLanguage":"de"},{"@type":"WebPage","@id":"https:\/\/www.polymorph.de\/?page_id=481","url":"https:\/\/www.polymorph.de\/?page_id=481","name":"Datenschutz - Polymorph Design","isPartOf":{"@id":"https:\/\/www.polymorph.de\/#website"},"datePublished":"2018-05-18T11:16:16+00:00","dateModified":"2018-05-18T11:37:11+00:00","description":"Polymorph Design","breadcrumb":{"@id":"https:\/\/www.polymorph.de\/?page_id=481#breadcrumb"},"inLanguage":"de","potentialAction":[{"@type":"ReadAction","target":["https:\/\/www.polymorph.de\/?page_id=481"]}]},{"@type":"BreadcrumbList","@id":"https:\/\/www.polymorph.de\/?page_id=481#breadcrumb","itemListElement":[{"@type":"ListItem","position":1,"name":"Startseite","item":"https:\/\/www.polymorph.de\/"},{"@type":"ListItem","position":2,"name":"Datenschutz"}]},{"@type":"WebSite","@id":"https:\/\/www.polymorph.de\/#website","url":"https:\/\/www.polymorph.de\/","name":"Polymorph Design - Veronika Ganster","description":"Design f\u00fcr Print- und Nonprintprojekte","publisher":{"@id":"https:\/\/www.polymorph.de\/#\/schema\/person\/65bd55054c7e016d82d1be56dc0c9be6"},"alternateName":"Grafikdesign und Marketing in und um M\u00fcnchen","potentialAction":[{"@type":"SearchAction","target":{"@type":"EntryPoint","urlTemplate":"https:\/\/www.polymorph.de\/?s={search_term_string}"},"query-input":{"@type":"PropertyValueSpecification","valueRequired":true,"valueName":"search_term_string"}}],"inLanguage":"de"},{"@type":["Person","Organization"],"@id":"https:\/\/www.polymorph.de\/#\/schema\/person\/65bd55054c7e016d82d1be56dc0c9be6","name":"Veronika Ganster","image":{"@type":"ImageObject","inLanguage":"de","@id":"https:\/\/www.polymorph.de\/#\/schema\/person\/image\/","url":"http:\/\/www.polymorph.de\/wp-content\/uploads\/2014\/07\/cropped-polymorph-logo201111.png","contentUrl":"http:\/\/www.polymorph.de\/wp-content\/uploads\/2014\/07\/cropped-polymorph-logo201111.png","width":250,"height":317,"caption":"Veronika Ganster"},"logo":{"@id":"https:\/\/www.polymorph.de\/#\/schema\/person\/image\/"},"sameAs":["http:\/\/polymorph.de"]},{"@type":"Person","@id":"https:\/\/www.polymorph.de\/#\/schema\/person\/fb47306ba2bf3f9ff98e2c6051157c77","name":"PolymorphWordpress","sameAs":["http:\/\/www.polymorph.de","www.linkedin.com\/in\/veronika-ganster-a6a21031"]}]}},"_links":{"self":[{"href":"https:\/\/www.polymorph.de\/index.php?rest_route=\/wp\/v2\/pages\/481","targetHints":{"allow":["GET"]}}],"collection":[{"href":"https:\/\/www.polymorph.de\/index.php?rest_route=\/wp\/v2\/pages"}],"about":[{"href":"https:\/\/www.polymorph.de\/index.php?rest_route=\/wp\/v2\/types\/page"}],"author":[{"embeddable":true,"href":"https:\/\/www.polymorph.de\/index.php?rest_route=\/wp\/v2\/users\/1"}],"replies":[{"embeddable":true,"href":"https:\/\/www.polymorph.de\/index.php?rest_route=%2Fwp%2Fv2%2Fcomments&post=481"}],"version-history":[{"count":11,"href":"https:\/\/www.polymorph.de\/index.php?rest_route=\/wp\/v2\/pages\/481\/revisions"}],"predecessor-version":[{"id":495,"href":"https:\/\/www.polymorph.de\/index.php?rest_route=\/wp\/v2\/pages\/481\/revisions\/495"}],"wp:attachment":[{"href":"https:\/\/www.polymorph.de\/index.php?rest_route=%2Fwp%2Fv2%2Fmedia&parent=481"}],"curies":[{"name":"wp","href":"https:\/\/api.w.org\/{rel}","templated":true}]}}